{"id":925,"date":"2013-04-30T00:32:51","date_gmt":"2013-04-29T22:32:51","guid":{"rendered":"http:\/\/ford-sachsen.de\/html\/page\/?page_id=925"},"modified":"2025-05-20T20:23:47","modified_gmt":"2025-05-20T18:23:47","slug":"impressum","status":"publish","type":"page","link":"https:\/\/ford-sachsen.de\/html\/page\/mitsubishi-chemnitz\/impressum\/","title":{"rendered":"Impressum"},"content":{"rendered":"<p><strong>\u00a0\u00a0\u00a0Impressum &#8211; Autohaus Pichel GmbH<\/strong><\/p>\n<table  class=\" table table-hover\" border=\"0\">\n<tbody>\n<tr>\n<td><b>Postanschrift:<\/b><\/td>\n<td>Autohaus Pichel GmbH<br \/>\nBlankenburgstra\u00dfe 62<br \/>\n09114 Chemnitz<\/td>\n<\/tr>\n<tr>\n<td><b>Telefon:<\/b><\/td>\n<td>0371\/666273710<\/td>\n<\/tr>\n<tr>\n<td><b>Fax:<\/b><\/td>\n<td>0371\/666273730<\/td>\n<\/tr>\n<tr>\n<td><b>E-Mail:<\/b><\/td>\n<td>andypichel@auto-pichel.de<\/td>\n<\/tr>\n<tr>\n<td><b>Gesellschaftsform:<\/b><\/td>\n<td>GmbH Hartmannsdorf<\/td>\n<\/tr>\n<tr>\n<td><b>Handelsregister:<\/b><\/td>\n<td>HRB Chemnitz 7982<\/td>\n<\/tr>\n<tr>\n<td><b>Umsatzsteuer-ID:<\/b><\/td>\n<td>DE 252 240 397<\/td>\n<\/tr>\n<tr>\n<td><b>Vertretungsberechtigt<br \/>\ngem\u00e4\u00df HR Eintrag:<\/b><\/td>\n<td>Gesch\u00e4ftsf\u00fchrer: Jeffrey Pichel, Andy Pichel<\/td>\n<\/tr>\n<tr>\n<td><b>Registrierter<br \/>\nVersicherungsvermittler:<\/b><\/td>\n<td>Versicherungsvertreter mit Erlaubnis nach \u00a7 34d Abs. 1GewO, Bundesrepublik DeutschlandRegistrierungsnummer:D-LQFH-LDCPB-28 \/ IHK<br \/>\nVersicherungsvermittlerregister (Gemeinsame Registerstelle gem. \u00a7 11a Abs. 1 GewO):DIHK | Deutscher Industrie- und Handelskammertag e.V.<br \/>\nBreite Stra\u00dfe 29<br \/>\nD-10178 Berlin<br \/>\nTelefon: 0180 600 58 50 (Festnetzpreis 0,20\/Anruf; Mobilfunkpreis maximal 0,60\u20ac\/Anruf<br \/>\nE-Mail <a href=\"mailto:infocenter@berlin.dihk.de\">infocenter@berlin.dihk.de <\/a><br \/>\n<a href=\"http:\/\/www.vermittlerregister.info\">www.vermittlerregister.info<\/a><\/td>\n<\/tr>\n<tr>\n<td><b>Verbraucherstreitbeilegungsgesetz:<\/b><\/td>\n<td>Hinweis gem\u00e4\u00df \u00a7 36 Verbraucherstreitbeilegungsgesetz (VSBG)Der Verk\u00e4ufer\/Auftragnehmer wird nicht an einem Streitbeilegungsverfahren vor einer Verbraucherschlichtungsstelle im Sinne des VSBG teilnehmen und ist hierzu auch nicht verpflichtet.<br \/>\nVerbraucherinformation gem\u00e4\u00df Artikel 14 Abs. 1 der Verordnung (EU) Nr. 524\/2013: Im Rahmen der Verordnung \u00fcber Online-Streitbeilegung in Verbraucherangelegenheiten steht Ihnen unter <a href=\"http:\/\/ec.europa.eu\/consumers\/odr\/\">http:\/\/ec.europa.eu\/consumers\/odr\/<\/a> eine Online-Streitbeilegungsplattform der EU Kommission zur Verf\u00fcgung.<br \/>\nUnsere E-Mailadresse lautet: <a href=\"mailto:ford@auto-pichel.de\">ford@auto-pichel.de<\/a><\/td>\n<\/tr>\n<\/tbody>\n<\/table>\n","protected":false},"excerpt":{"rendered":"<p>\u00a0\u00a0\u00a0Impressum &#8211; Autohaus Pichel GmbH Postanschrift: Autohaus Pichel GmbH Blankenburgstra\u00dfe 62 09114 Chemnitz Telefon: 0371\/666273710 Fax: 0371\/666273730 E-Mail: andypichel@auto-pichel.de Gesellschaftsform: GmbH Hartmannsdorf Handelsregister: HRB Chemnitz 7982 Umsatzsteuer-ID: DE 252 240 397 Vertretungsberechtigt gem\u00e4\u00df HR Eintrag: Gesch\u00e4ftsf\u00fchrer: Jeffrey Pichel, Andy Pichel Registrierter Versicherungsvermittler: Versicherungsvertreter mit Erlaubnis nach \u00a7 34d Abs. 1GewO, Bundesrepublik DeutschlandRegistrierungsnummer:D-LQFH-LDCPB-28 \/ IHK Versicherungsvermittlerregister<\/p>\n<div><a class=\"btn-filled btn\" href=\"https:\/\/ford-sachsen.de\/html\/page\/mitsubishi-chemnitz\/impressum\/\" title=\"Impressum\">Weiterlesen<\/a><\/div>\n","protected":false},"author":1,"featured_media":0,"parent":33,"menu_order":0,"comment_status":"closed","ping_status":"open","template":"page-templates\/sidebar-left.php","meta":{"order-bump-settings":[],"_wpfnl_thankyou_order_overview":"on","_wpfnl_thankyou_order_details":"on","_wpfnl_thankyou_billing_details":"on","_wpfnl_thankyou_shipping_details":"on","footnotes":""},"tags":[],"class_list":["post-925","page","type-page","status-publish","hentry"],"_links":{"self":[{"href":"https:\/\/ford-sachsen.de\/html\/page\/wp-json\/wp\/v2\/pages\/925","targetHints":{"allow":["GET"]}}],"collection":[{"href":"https:\/\/ford-sachsen.de\/html\/page\/wp-json\/wp\/v2\/pages"}],"about":[{"href":"https:\/\/ford-sachsen.de\/html\/page\/wp-json\/wp\/v2\/types\/page"}],"author":[{"embeddable":true,"href":"https:\/\/ford-sachsen.de\/html\/page\/wp-json\/wp\/v2\/users\/1"}],"replies":[{"embeddable":true,"href":"https:\/\/ford-sachsen.de\/html\/page\/wp-json\/wp\/v2\/comments?post=925"}],"version-history":[{"count":14,"href":"https:\/\/ford-sachsen.de\/html\/page\/wp-json\/wp\/v2\/pages\/925\/revisions"}],"predecessor-version":[{"id":4433502,"href":"https:\/\/ford-sachsen.de\/html\/page\/wp-json\/wp\/v2\/pages\/925\/revisions\/4433502"}],"up":[{"embeddable":true,"href":"https:\/\/ford-sachsen.de\/html\/page\/wp-json\/wp\/v2\/pages\/33"}],"wp:attachment":[{"href":"https:\/\/ford-sachsen.de\/html\/page\/wp-json\/wp\/v2\/media?parent=925"}],"wp:term":[{"taxonomy":"post_tag","embeddable":true,"href":"https:\/\/ford-sachsen.de\/html\/page\/wp-json\/wp\/v2\/tags?post=925"}],"curies":[{"name":"wp","href":"https:\/\/api.w.org\/{rel}","templated":true}]}}