{"id":2473,"date":"2017-09-13T19:17:23","date_gmt":"2017-09-13T17:17:23","guid":{"rendered":"http:\/\/ford-sachsen.de\/html\/page\/?page_id=2473"},"modified":"2026-01-06T21:58:08","modified_gmt":"2026-01-06T19:58:08","slug":"impressum","status":"publish","type":"page","link":"https:\/\/ford-sachsen.de\/html\/page\/omoda-jaecoo-burgstaedt\/impressum\/","title":{"rendered":"Impressum"},"content":{"rendered":"<p><strong>\u00a0\u00a0\u00a0\u00a0Impressum &#8211; Autohaus Pichel GmbH Hartmannsdorf<\/strong><\/p>\n<table  class=\" table table-hover\" border=\"0\">\n<tbody>\n<tr>\n<td><b>Postanschrift:<\/b><\/td>\n<td>Autohaus Pichel GmbH Hartmannsdorf<br \/>\nLimbacher Str. 24 a<br \/>\n09232 Hartmannsdorf<\/td>\n<\/tr>\n<tr>\n<td><b>Telefon:<\/b><\/td>\n<td>03722\/6085-0<\/td>\n<\/tr>\n<tr>\n<td><b>Fax:<\/b><\/td>\n<td>03722\/608530<\/td>\n<\/tr>\n<tr>\n<td><b>E-Mail:<\/b><\/td>\n<td>ford@auto-pichel.de<\/td>\n<\/tr>\n<tr>\n<td><b>Gesellschaftsform:<\/b><\/td>\n<td>GmbH Hartmannsdorf<\/td>\n<\/tr>\n<tr>\n<td><b>Handelsregister:<\/b><\/td>\n<td>HRB Chemnitz 7982<\/td>\n<\/tr>\n<tr>\n<td><b>Umsatzsteuer-ID:<\/b><\/td>\n<td>DE 252240397<\/td>\n<\/tr>\n<tr>\n<td><b>Vertretungsberechtigt<br \/>\ngem\u00e4\u00df HR Eintrag:<\/b><\/td>\n<td>Gesch\u00e4ftsf\u00fchrer: Jeffrey Pichel, Andy Pichel<\/td>\n<\/tr>\n<tr>\n<td><b>Registrierter<br \/>\nVersicherungsvermittler:<\/b><\/td>\n<td>Versicherungsvertreter mit Erlaubnis nach \u00a7 34d Abs. 1GewO, Bundesrepublik DeutschlandRegistrierungsnummer:D-LQFH-LDCPB-28 \/ IHK<br \/>\nVersicherungsvermittlerregister (Gemeinsame Registerstelle gem. \u00a7 11a Abs. 1 GewO):DIHK | Deutscher Industrie- und Handelskammertag e.V.<br \/>\nBreite Stra\u00dfe 29<br \/>\nD-10178 Berlin<br \/>\nTelefon: 0180 600 58 50 (Festnetzpreis 0,20\/Anruf; Mobilfunkpreis maximal 0,60\u20ac\/Anruf<br \/>\nE-Mail <a href=\"mailto:infocenter@berlin.dihk.de\">infocenter@berlin.dihk.de <\/a><br \/>\n<a href=\"http:\/\/www.vermittlerregister.info\">www.vermittlerregister.info<\/a><\/td>\n<\/tr>\n<tr>\n<td><b>Verbraucherstreitbeilegungsgesetz:<\/b><\/td>\n<td>Hinweis gem\u00e4\u00df \u00a7 36 Verbraucherstreitbeilegungsgesetz (VSBG)Der Verk\u00e4ufer\/Auftragnehmer wird nicht an einem Streitbeilegungsverfahren vor einer Verbraucherschlichtungsstelle im Sinne des VSBG teilnehmen und ist hierzu auch nicht verpflichtet.<br \/>\nVerbraucherinformation gem\u00e4\u00df Artikel 14 Abs. 1 der Verordnung (EU) Nr. 524\/2013: Im Rahmen der Verordnung \u00fcber Online-Streitbeilegung in Verbraucherangelegenheiten steht Ihnen unter <a href=\"http:\/\/ec.europa.eu\/consumers\/odr\/\">http:\/\/ec.europa.eu\/consumers\/odr\/<\/a> eine Online-Streitbeilegungsplattform der EU Kommission zur Verf\u00fcgung.<br \/>\nUnsere E-Mailadresse lautet: <a href=\"mailto:ford@auto-pichel.de\">ford@auto-pichel.de<\/a><\/td>\n<\/tr>\n<\/tbody>\n<\/table>\n","protected":false},"excerpt":{"rendered":"<p>\u00a0\u00a0\u00a0\u00a0Impressum &#8211; Autohaus Pichel GmbH Hartmannsdorf Postanschrift: Autohaus Pichel GmbH Hartmannsdorf Limbacher Str. 24 a 09232 Hartmannsdorf Telefon: 03722\/6085-0 Fax: 03722\/608530 E-Mail: ford@auto-pichel.de Gesellschaftsform: GmbH Hartmannsdorf Handelsregister: HRB Chemnitz 7982 Umsatzsteuer-ID: DE 252240397 Vertretungsberechtigt gem\u00e4\u00df HR Eintrag: Gesch\u00e4ftsf\u00fchrer: Jeffrey Pichel, Andy Pichel Registrierter Versicherungsvermittler: Versicherungsvertreter mit Erlaubnis nach \u00a7 34d Abs. 1GewO, Bundesrepublik DeutschlandRegistrierungsnummer:D-LQFH-LDCPB-28 \/<\/p>\n<div><a class=\"btn-filled btn\" href=\"https:\/\/ford-sachsen.de\/html\/page\/omoda-jaecoo-burgstaedt\/impressum\/\" title=\"Impressum\">Weiterlesen<\/a><\/div>\n","protected":false},"author":8,"featured_media":0,"parent":4645631,"menu_order":0,"comment_status":"closed","ping_status":"closed","template":"page-templates\/sidebar-left.php","meta":{"order-bump-settings":[],"_wpfnl_thankyou_order_overview":"on","_wpfnl_thankyou_order_details":"on","_wpfnl_thankyou_billing_details":"on","_wpfnl_thankyou_shipping_details":"on","footnotes":""},"tags":[],"class_list":["post-2473","page","type-page","status-publish","hentry"],"_links":{"self":[{"href":"https:\/\/ford-sachsen.de\/html\/page\/wp-json\/wp\/v2\/pages\/2473","targetHints":{"allow":["GET"]}}],"collection":[{"href":"https:\/\/ford-sachsen.de\/html\/page\/wp-json\/wp\/v2\/pages"}],"about":[{"href":"https:\/\/ford-sachsen.de\/html\/page\/wp-json\/wp\/v2\/types\/page"}],"author":[{"embeddable":true,"href":"https:\/\/ford-sachsen.de\/html\/page\/wp-json\/wp\/v2\/users\/8"}],"replies":[{"embeddable":true,"href":"https:\/\/ford-sachsen.de\/html\/page\/wp-json\/wp\/v2\/comments?post=2473"}],"version-history":[{"count":5,"href":"https:\/\/ford-sachsen.de\/html\/page\/wp-json\/wp\/v2\/pages\/2473\/revisions"}],"predecessor-version":[{"id":4433503,"href":"https:\/\/ford-sachsen.de\/html\/page\/wp-json\/wp\/v2\/pages\/2473\/revisions\/4433503"}],"up":[{"embeddable":true,"href":"https:\/\/ford-sachsen.de\/html\/page\/wp-json\/wp\/v2\/pages\/4645631"}],"wp:attachment":[{"href":"https:\/\/ford-sachsen.de\/html\/page\/wp-json\/wp\/v2\/media?parent=2473"}],"wp:term":[{"taxonomy":"post_tag","embeddable":true,"href":"https:\/\/ford-sachsen.de\/html\/page\/wp-json\/wp\/v2\/tags?post=2473"}],"curies":[{"name":"wp","href":"https:\/\/api.w.org\/{rel}","templated":true}]}}