{"id":2464,"date":"2017-09-13T19:19:12","date_gmt":"2017-09-13T17:19:12","guid":{"rendered":"http:\/\/ford-sachsen.de\/html\/page\/?page_id=2464"},"modified":"2026-01-06T22:00:07","modified_gmt":"2026-01-06T20:00:07","slug":"rechtliche-hinweise","status":"publish","type":"page","link":"https:\/\/ford-sachsen.de\/html\/page\/omoda-jaecoo-burgstaedt\/rechtliche-hinweise\/","title":{"rendered":"Rechtliche Hinweise"},"content":{"rendered":"<div id=\"recht\">\n<div id=\"recht_0\"><\/div>\n<div id=\"recht_1\">\n<h4>Allgemeines<\/h4>\n<p>Die Nutzung und der Zugriff auf die Internetseiten des Ford-Partner-Internetauftrittes unterliegt den nachfolgenden Bestimmungen.<\/p>\n<h4>Produktabbildungen<\/h4>\n<p>Einige Produktabbildungen und -animationen auf den Internetseiten des Ford-Partners Autohaus Pichel GmbH (im Folgenden &#8220;wir&#8221; oder &#8220;uns&#8221;) wurden am Computer erzeugt. Folglich kann ein Serienfahrzeug in Design und Ausstattung in verschiedenen Aspekten von diesen computeranimierten Abbildungen abweichen. Sowohl computeranimierte als auch photographische Abbildungen k\u00f6nnen daher Ausstattungsmerkmale, Farben, Polster und Farb-\/Polsterkombinationen zeigen, die in Deutschland eventuell nicht erh\u00e4ltlich sind. \u00dcber die verf\u00fcgbaren Ausstattungsdetails informieren wir Sie gerne.<\/p>\n<h4>Produktinformationen<\/h4>\n<p>Selbstverst\u00e4ndlich streben wir an, die hier gegebenen Informationen jederzeit vollst\u00e4ndig und aktuell zu halten. Ford Fahrzeuge und Dienstleistungen unterliegen jedoch m\u00f6glicherweise \u00c4nderungen. Deshalb behalten wir uns das Recht vor, \u00c4nderungen an Design, Ausstattungsvarianten, Editionsmodellen, Ausstattungsdetails, technischen Daten und der Verf\u00fcgbarkeit von Fahrzeugen vorzunehmen. Dies kann ohne vorherige Ank\u00fcndigung geschehen.<\/p>\n<h4>Preisangaben<\/h4>\n<p>Die Preisangaben und Preisempfehlungen f\u00fcr die auf diesen Webseiten gezeigten Produkte und Serviceleistungen sind unverbindlich. Alle genannten Preise verstehen sich inklusive 19% Mehrwertsteuer.<\/p>\n<h4>Wunschausstattung und Zubeh\u00f6r<\/h4>\n<p>Alle Ausstattungsdetails, Dienstleistungen und Zubeh\u00f6rteile auf dieser Website, die als optional gekennzeichnet sind, sind regelm\u00e4\u00dfig nur gegen Mehrpreis gegen\u00fcber der Serienausstattung erh\u00e4ltlich, es sei denn, Mehrkosten werden ausdr\u00fccklich ausgeschlossen. Lassen Sie sich hinsichtlich Ihrer pers\u00f6nlichen Wunschausstattung und des lieferbaren Zubeh\u00f6rs von uns ein verbindliches Angebot machen.<\/p>\n<h4>Copyright und Bildrechte<\/h4>\n<p>Wir legen hohen Wert auf eine informative und zeitgem\u00e4\u00dfe Gestaltung unserer Internetseiten. Damit dies so bleiben kann, bitten wir Sie zu beachten, dass die Inhalte dieser Webseiten unter Umst\u00e4nden unser geistiges Eigentum bzw. das geistige Eigentum der Ford-Werke GmbH oder Dritter und\/oder durch gewerbliche Schutzrechte gesch\u00fctzt sein k\u00f6nnen.<\/p>\n<h4>Hyperlinks<\/h4>\n<p>Diese Website kann Hyperlinks zu anderen Websites enthalten, die v\u00f6llig unabh\u00e4ngig von unserem Angebot sind. Wir weisen Sie ausdr\u00fccklich darauf hin, dass wir vorbehaltlich der unter &#8220;Haftungsausschlu\u00df&#8221; vorgesehenen Regelungen keinerlei Haftung f\u00fcr Sch\u00e4den, die aus einer Benutzung einer externen Internetseite entstehen, oder Verantwortung f\u00fcr deren Inhalt oder Funktion \u00fcbernehmen. Ein Hyperlink zu einer externen Internetseite beinhaltet nicht die Empfehlung dieser Seite oder ihrer Inhalte. Die Aktivierung eines Hyperlinks und das Aufsuchen fremder Websites erfolgt auf eigene Gefahr.<\/p>\n<h4>Haftungsausschluss<\/h4>\n<p>Wir haften nicht f\u00fcr Schadensersatzanspr\u00fcche gleich welcher Art, die Sie gegen uns aufgrund der auf unseren Internetseiten enthaltenen Inhalten und\/oder der Nutzung der Website geltend machen. Dies gilt nicht, soweit die Sch\u00e4den auf Vorsatz oder grobe Fahrl\u00e4ssigkeit von uns zur\u00fcckzuf\u00fchren sind, bei Sch\u00e4den an Gesundheit und Leben, der Verletzung vertragswesentlicher Pflichten, mit deren Einhaltung die Nutzung dieser Website stehen und fallen sollte und auf deren Einhaltung Sie vertrauen durften oder bei einer Haftung aus Produkthaftungsgesetz.<\/p>\n<h4>Kontakt<\/h4>\n<p>Sollten Sie Fragen, Anregungen oder Kritik haben, k\u00f6nnen Sie sich jederzeit an uns wenden:<\/p>\n<p>Autohaus Pichel GmbH<br \/>\nLimbacher Str. 24a<br \/>\n09232 Hartmannsdorf<br \/>\nTel.: 03722\/60850<br \/>\nFax: 03722\/608530<br \/>\nEmail: ford@auto-pichel.de<\/p>\n<p><a href=\"http:\/\/ford-sachsen.de\/html\/page\/hartmannsdorf\/kontakt\/\">\u00a0\u00a0Kontaktformular<\/a>\n<\/div>\n<\/div>\n","protected":false},"excerpt":{"rendered":"<p>Allgemeines Die Nutzung und der Zugriff auf die Internetseiten des Ford-Partner-Internetauftrittes unterliegt den nachfolgenden Bestimmungen. Produktabbildungen Einige Produktabbildungen und -animationen auf den Internetseiten des Ford-Partners Autohaus Pichel GmbH (im Folgenden &#8220;wir&#8221; oder &#8220;uns&#8221;) wurden am Computer erzeugt. Folglich kann ein Serienfahrzeug in Design und Ausstattung in verschiedenen Aspekten von diesen computeranimierten Abbildungen abweichen. Sowohl computeranimierte<\/p>\n<div><a class=\"btn-filled btn\" href=\"https:\/\/ford-sachsen.de\/html\/page\/omoda-jaecoo-burgstaedt\/rechtliche-hinweise\/\" title=\"Rechtliche Hinweise\">Weiterlesen<\/a><\/div>\n","protected":false},"author":8,"featured_media":0,"parent":4645631,"menu_order":0,"comment_status":"closed","ping_status":"closed","template":"page-templates\/sidebar-left.php","meta":{"order-bump-settings":[],"_wpfnl_thankyou_order_overview":"on","_wpfnl_thankyou_order_details":"on","_wpfnl_thankyou_billing_details":"on","_wpfnl_thankyou_shipping_details":"on","footnotes":""},"tags":[],"class_list":["post-2464","page","type-page","status-publish","hentry"],"_links":{"self":[{"href":"https:\/\/ford-sachsen.de\/html\/page\/wp-json\/wp\/v2\/pages\/2464","targetHints":{"allow":["GET"]}}],"collection":[{"href":"https:\/\/ford-sachsen.de\/html\/page\/wp-json\/wp\/v2\/pages"}],"about":[{"href":"https:\/\/ford-sachsen.de\/html\/page\/wp-json\/wp\/v2\/types\/page"}],"author":[{"embeddable":true,"href":"https:\/\/ford-sachsen.de\/html\/page\/wp-json\/wp\/v2\/users\/8"}],"replies":[{"embeddable":true,"href":"https:\/\/ford-sachsen.de\/html\/page\/wp-json\/wp\/v2\/comments?post=2464"}],"version-history":[{"count":1,"href":"https:\/\/ford-sachsen.de\/html\/page\/wp-json\/wp\/v2\/pages\/2464\/revisions"}],"predecessor-version":[{"id":2485,"href":"https:\/\/ford-sachsen.de\/html\/page\/wp-json\/wp\/v2\/pages\/2464\/revisions\/2485"}],"up":[{"embeddable":true,"href":"https:\/\/ford-sachsen.de\/html\/page\/wp-json\/wp\/v2\/pages\/4645631"}],"wp:attachment":[{"href":"https:\/\/ford-sachsen.de\/html\/page\/wp-json\/wp\/v2\/media?parent=2464"}],"wp:term":[{"taxonomy":"post_tag","embeddable":true,"href":"https:\/\/ford-sachsen.de\/html\/page\/wp-json\/wp\/v2\/tags?post=2464"}],"curies":[{"name":"wp","href":"https:\/\/api.w.org\/{rel}","templated":true}]}}