{"id":1671,"date":"2014-05-08T13:37:40","date_gmt":"2014-05-08T11:37:40","guid":{"rendered":"http:\/\/ford-sachsen.de\/html\/page\/?page_id=1671"},"modified":"2025-09-01T16:23:03","modified_gmt":"2025-09-01T14:23:03","slug":"autovermietung-chemnitznord","status":"publish","type":"page","link":"https:\/\/ford-sachsen.de\/html\/page\/fordstore-chemnitz\/autovermietung-chemnitznord\/","title":{"rendered":"Autovermietung-ChemnitzNord"},"content":{"rendered":"<p><script>\/\/ <![CDATA[\nwindow.onload=function(){\n\tvar tfrow = document.getElementById('tfhover').rows.length;\n\tvar tbRow=[];<br \/>\n\tfor (var i=1;i<tfrow;i++) { \t\ttbRow[i]=document.getElementById('tfhover').rows[i]; \t\ttbRow[i].onmouseover = function(){ \t\t  this.style.backgroundColor = '#ffffff'; \t\t}; \t\ttbRow[i].onmouseout = function() { \t\t  this.style.backgroundColor = '#cdcdcd'; \t\t}; \t} };\n\/\/ ]]><\/script><\/p>\n<div id=\"verma\">\n<div id=\"verma_0\">\u00a0<\/div>\n<div id=\"verma_1\" style=\"text-align: left;\">\n<p><a href=\"http:\/\/ford-sachsen.de\/html\/page\/wp-content\/uploads\/2014\/05\/fhd.jpg\"><img decoding=\"async\" class=\"size-medium wp-image-1703 alignright\" src=\"http:\/\/ford-sachsen.de\/html\/page\/wp-content\/uploads\/2014\/05\/fhd-300x109.jpg\" alt=\"fhd\" width=\"300\" height=\"109\" srcset=\"https:\/\/ford-sachsen.de\/html\/page\/wp-content\/uploads\/2014\/05\/fhd-300x109.jpg 300w, https:\/\/ford-sachsen.de\/html\/page\/wp-content\/uploads\/2014\/05\/fhd.jpg 355w\" sizes=\"(max-width: 300px) 100vw, 300px\" \/><\/a> Unsere Autovermietung deckt Ihre individuellen Mobilit\u00e4tsw\u00fcnsche ab \u2013 unabh\u00e4nig von Ihrem Werkstattaufenthalt. Dabei k\u00f6nnen wir auf einen gro\u00dfz\u00fcgigen Fuhrpark zugreifen. &#8211; vom Ford Fiesta bis zum Ford Transit. Wir bieten Ihnen unter anderem:<\/p>\n<ul>\n<li>Tages- und Wochenvermietungen<\/li>\n<li>Wochenend- und Ausflugsvermietungen<\/li>\n<li>Langzeitvermietung an Firmen und Privatkunden<\/li>\n<li>Umzugs- und Transport Angebote<\/li>\n<\/ul>\n<p>Bei allen Fahrzeugen handelt es sich um aktuelle Modelle, die einer st\u00e4ndigen Pflege und Wartung unserer Fachwerkstatt unterliegen. Je nach Anlass kalkulieren wir Ihnen Ihr individuelles Vermietungsangebot \u2013 auf Wunsch inkl. Versicherung und Serviceleistungen.<\/p>\n<h3>Normaltarif &#8211; Mietwagenpreise PKW\/Transit\u00a0\u00a0\u00a0\u00a0\u00a0\u00a0\u00a0\u00a0\u00a0\u00a0\u00a0 \/Tourneo\/Ranger<\/h3>\n<table id=\"tfhover\"  class=\"tftable table table-hover\"  border=\"1\">\n<tbody>\n<tr>\n<th width=\"280\">Fahrzeugtyp<\/th>\n<th width=\"150\">Mietpreis 1-2 Tage pro Tag<\/th>\n<th width=\"150\">Wochenend- pauschale<\/th>\n<th width=\"150\">Mietpreis 3\u00a0Tage pauschal<\/th>\n<th width=\"150\">Mietpreis 7 Tage pauschal<\/th>\n<\/tr>\n<tr>\n<td><strong>3<\/strong> Fiesta 3trg. 1.1 Cool &amp; Connect &#8211; Transit Courier 74 kW. Benzin 3 trg. Basis &#8211; Transit Courier 55 kW. Diesel 3 trg. Basis<\/td>\n<td>110,49 \u20ac<\/td>\n<td>191,49 \u20ac<\/td>\n<td>297,49 \u20ac<\/td>\n<td>550,99 \u20ac<\/td>\n<\/tr>\n<tr>\n<td><strong>4<\/strong> Fiesta 1.1 TITANIUM &#8211; Fiesta 1.0 EcoBoost Cool &amp; Connect &#8211; Transit Courier 74 kW. Diesel 3 trg. Basis &#8211; Transit Courier 74 kW. Benzin 4 trg. Limited<\/td>\n<td>118,99 \u20ac<\/td>\n<td>200,49 \u20ac<\/td>\n<td>319,49 \u20ac<\/td>\n<td>582,99 \u20ac<\/td>\n<\/tr>\n<tr>\n<td><strong>5<\/strong> Fiesta 1.0 EcoBoost Titanium &#8211; Focus Turnier 1.0 EcoBoost Cool &amp; Connect- Puma 1.0 EcoBoost Hybrid Titanium &#8211; Tourneo Courier 1.5 TDCi Trend &#8211; Transit Courier 74 kW. Diesel 4 trg. Limited<\/td>\n<td>126,99 \u20ac<\/td>\n<td>207,49 \u20ac<\/td>\n<td>340,49 \u20ac<\/td>\n<td>624,99 \u20ac<\/td>\n<\/tr>\n<tr>\n<td><strong>6<\/strong> Fiesta 1.0 EcoBoost Hybrid Titanium &#8211; Focus Turnier 1.0 EcoBoost Cool &amp; Connect &#8211; Kuga 1.5 EcoBoost Cool &amp; Connect &#8211; Puma 1.0 EcoBoost Hybrid Aut. Titanium &#8211; Puma 1.5 EB Titanium &#8211; Tourneo Connect 1.5 EB Trend &#8211; Transit Connect 230 L2 74 kW. Aut. Trend &#8211; Transit Connect 240 L2 74 kW. Active<\/td>\n<td>137,99 \u20ac<\/td>\n<td>223,49 \u20ac<\/td>\n<td>374,49 \u20ac<\/td>\n<td>674,49 \u20ac<\/td>\n<\/tr>\n<tr>\n<td><strong>7 <\/strong><span style=\"font-size: revert; font-family: inherit;\"><span style=\"font-size: revert; font-family: inherit;\">Puma 1.0 Aut. St-Line X &#8211; Focus Turnier 1.0 \/1.5 Active\/X &#8211; Titanium\/X &#8211; St Line\/X &#8211; Auto\/Man &#8211; <\/span><\/span><span style=\"font-size: revert; font-family: inherit;\">Tourneo Connect 2.0 &#8211; Tourneo Connect L2 1.5\/2.0 &#8211; Kuga 1.5 Titanium &#8211; Ranger 2,0 l Einzelkabine XL 125kW<\/span><\/td>\n<td>155,49 \u20ac<\/td>\n<td>247,99 \u20ac<\/td>\n<td>424,99 \u20ac<\/td>\n<td>755,49 \u20ac<\/td>\n<\/tr>\n<tr>\n<td><strong>8 <\/strong><span style=\"font-size: revert; font-family: inherit;\"><span style=\"font-size: revert; font-family: inherit;\">Focus ST X Aut. Man. &#8211; Tourneo Connect L2 2.0 Allrad Sport &#8211; Capri BEV RWD 52kWh &#8211; Explorer BEV RWD 77\/79 kWh &#8211; <\/span><\/span><span style=\"font-size: revert; font-family: inherit;\">Kuga 1.5 E.Boost St-Line\/FHEV Active\/PHEV Titanium &#8211; Ranger 2,0 l EK\/DK Aut. XLT 125kW<\/span><\/td>\n<td>185,99 \u20ac<\/td>\n<td>322,99 \u20ac<\/td>\n<td>506,49 \u20ac<\/td>\n<td>900,99 \u20ac<\/td>\n<\/tr>\n<tr>\n<td><strong><strong>9 <\/strong><\/strong><span style=\"font-size: revert; font-family: inherit;\"><span style=\"font-size: revert; font-family: inherit;\">Mustang Mach-E Premium AWD 232 Kw &#8211; Kuga 4&#215;4 FHEV-PHEV ST-Line X &#8211; Tourneo Custom PHEV 340 Tita.\/Trend &#8211; Tourneo Custom 320 Diesel &#8211; Mustang Fastback &#8211; <\/span><\/span><span style=\"font-size: revert; font-family: inherit;\">Ranger 2.0 DK\/ExK Tremor\/Limited Wildtrak X &#8211; Explorer BEV RWD 77kWh Premium 79 kWh AWD &#8211; Capri BEV 77\/79kWh RWD\/AWD Premium<\/span><\/td>\n<td>232,49 \u20ac<\/td>\n<td>468,99 \u20ac<\/td>\n<td>651,99 \u20ac<\/td>\n<td>1150,99 \u20ac<\/td>\n<\/tr>\n<tr>\n<td><strong>10 <\/strong><span style=\"font-size: revert; font-family: inherit;\"><span style=\"font-size: revert; font-family: inherit;\">Explorer PHEV ST-Line\/Platinum &#8211; Mustang Mach-E AWD Premium\/GT &#8211; Mustang Convertible\/Black Horse &#8211; Bronco &#8211; e-Tourneo Custom &#8211; <\/span><\/span><span style=\"font-size: revert; font-family: inherit;\">Tourneo Custom 320 Diesel L2H1 4&#215;4 Autm. Titanium &#8211; Ranger Raptor &amp; Platinum\/Wildtrak Aut. 3.0 &#8211; Tourneo Custom PHEV 320 4&#215;4 Sport 340 Sport\/Active\/Titanium X<\/span><\/td>\n<td>291,49 \u20ac<\/td>\n<td>593,49 \u20ac<\/td>\n<td>779,49 \u20ac<\/td>\n<td>1356,49 \u20ac<\/td>\n<\/tr>\n<tr>\n<td>\u00a0<\/td>\n<td>\u00a0<\/td>\n<td>\u00a0<\/td>\n<td>\u00a0<\/td>\n<td>\u00a0<\/td>\n<\/tr>\n<\/tbody>\n<\/table>\n<p>01. Die Berechnung der Miettage erfolgt pro angefangene 24 Stunden (Karenz = 1 Stunde).<br \/>02. Fahrzeuggruppeneinteilung erfolgt nach der aktuellen Schwackeliste Automietwagenklassen.<br \/>03. Im Mietpreis sind alle Kilometer sowie die Haftungsreduzierung auf 2000,00\u20ac enthalten.<br \/>04. Vorreservierung 48 Stunden vor Mietbeginn erforderlich.<br \/>05. Wochenende &#8211; Freitag 12:00 Uhr bis Montag 09:00 Uhr<\/p>\n<p>Alle genannten Preise ohne Kilometerbeschr\u00e4nkung.<\/p>\n<p>\u00c4nderungen vorbehalten ! Gu\u0308ltig ab 01.11.2024<\/p>\n<h3>Mietwagenpreise f\u00fcr Gewerbetreibende PKW<\/h3>\n<table id=\"tfhover\"  class=\"tftable table table-hover\"  style=\"height: 971px;\" border=\"1\" width=\"577\">\n<tbody>\n<tr>\n<th width=\"280\">Fahrzeugtyp<\/th>\n<th width=\"150\">Tagespauschale pro Tag\/150Km<\/th>\n<th width=\"150\">Wochenende pauschal\/450 Km<\/th>\n<th width=\"150\">Wochentarif 7 Tage\/1000 Km<\/th>\n<th width=\"150\">Monat 28 Tage\/3000 KM<\/th>\n<\/tr>\n<tr>\n<td>\n<p><strong>P5 <\/strong>Tourneo Courier 1.0 Trend<\/p>\n<\/td>\n<td style=\"text-align: center;\">60,00 \u20ac<\/td>\n<td style=\"text-align: center;\">120,00 \u20ac<\/td>\n<td style=\"text-align: center;\">300,00 \u20ac<\/td>\n<td style=\"text-align: center;\">750,00 \u20ac<\/td>\n<\/tr>\n<tr>\n<td>\n<p><strong>P6 <\/strong>Focus Turnier 1.0 Titanium &#8211; Puma 1.0 Titanium\/ST-Line Aut.<\/p>\n<\/td>\n<td style=\"text-align: center;\">63,00 \u20ac<\/td>\n<td style=\"text-align: center;\">126,00 \u20ac<\/td>\n<td style=\"text-align: center;\">315,00 \u20ac<\/td>\n<td style=\"text-align: center;\">787,50 \u20ac<\/td>\n<\/tr>\n<tr>\n<td>\n<p><strong>P7 <\/strong>Focus Turnier 1.0 \/1.5 Active\/X &#8211; Titanium\/X &#8211; St Line\/X &#8211; Auto\/Man.<\/p>\n<\/td>\n<td style=\"text-align: center;\">66,00 \u20ac<\/td>\n<td style=\"text-align: center;\">132,00 \u20ac<\/td>\n<td style=\"text-align: center;\">330,00 \u20ac<\/td>\n<td style=\"text-align: center;\">825,00 \u20ac<\/td>\n<\/tr>\n<tr>\n<td>\n<p><strong>P8 <\/strong>Kuga 1.5 E.Boost St-Line\/FHEV Active\/PHEV Titanium &#8211; Capri BEV RWD 52kWh &#8211; Explorer BEV RWD 77\/79 kWh<\/p>\n<\/td>\n<td style=\"text-align: center;\">78,00 \u20ac<\/td>\n<td style=\"text-align: center;\">156,00 \u20ac<\/td>\n<td style=\"text-align: center;\">390,00 \u20ac<\/td>\n<td style=\"text-align: center;\">975,00 \u20ac<\/td>\n<\/tr>\n<tr>\n<td>P9 <span style=\"font-size: revert; font-family: inherit;\"><span style=\"font-size: revert; font-family: inherit;\">Tourneo Custom 320 Diesel \/ PHEV 340 Trend &#8211; Ranger 2.0 DK\/ExK Tremor\/Limited Wildtrak X &#8211;<\/span><\/span><span style=\"font-size: revert; font-family: inherit;\">Explorer BEV RWD 77kWh Premium 79 kWh AWD &#8211; Capri BEV 77\/79kWh RWD\/AWD Premium<\/span><\/td>\n<td style=\"text-align: center;\">82,00 \u20ac<\/td>\n<td style=\"text-align: center;\">164,00 \u20ac<\/td>\n<td style=\"text-align: center;\">410,00 \u20ac<\/td>\n<td style=\"text-align: center;\">1025,00 \u20ac<\/td>\n<\/tr>\n<tr>\n<td>P10 <span style=\"font-size: revert; font-family: inherit;\">Mustang Mach-E AWD Premium\/GT &#8211; e-Tourneo Custom &#8211; Tourneo Custom PHEV 320 4&#215;4 Sport<\/span><\/td>\n<td style=\"text-align: center;\">84,00 \u20ac<\/td>\n<td style=\"text-align: center;\">168,00 \u20ac<\/td>\n<td style=\"text-align: center;\">420,00 \u20ac<\/td>\n<td style=\"text-align: center;\">1050,00 \u20ac<\/td>\n<\/tr>\n<tr>\n<td>\u00a0<\/td>\n<td>\u00a0<\/td>\n<td>\u00a0<\/td>\n<td>\u00a0<\/td>\n<td>\u00a0<\/td>\n<\/tr>\n<tr>\n<td>\u00a0<\/td>\n<td>\u00a0<\/td>\n<td>\u00a0<\/td>\n<td>\u00a0<\/td>\n<td>\u00a0<\/td>\n<\/tr>\n<\/tbody>\n<\/table>\n<p>01. Die Berechnung der Miettage erfolgt pro angefangene 24 Stunden. Karenz = 1 Stunde.<br \/>02. Die Selbstbeteiligung bei Abschlu\u00df der Haftungsreduzierung (CDW) betr\u00e4gt 1.000,00 \u20ac.<br \/>03. Die Preise gelten nur in Verbindung mit einem Rahmenabkommen zwischen dem Mieter und dem jeweiligen Lizenzpartner der FHD Mobil Autovermietung.<br \/>04. Im Mietpreis sind alle gefahrenen Kilometer inbegriffen, au\u00dfer Monatstarif (inkl. 3000 km)<br \/>05. Wochenende &#8211; Freitag 12:00 Uhr bis Montag 09:00 Uhr<br \/>06. Fahrzeug muss mindestens 48 Stunden vor Mietbeginn reserviert werden.<br \/>07. Zustellung\/ Abholung bis 10 km frei, dar\u00fcber hinaus nach Vereinbarung<\/p>\n<p>Alle Preise netto zzgl. 19% Mwst<br \/>\u00c4nderungen vorbehalten ! Gu\u0308ltig ab 01.11.2024<\/p>\n<h3>Mietwagenpreise f\u00fcr Gewerbetreibende Transit\/Tourneo\/Ranger<\/h3>\n<table id=\"tfhover\"  class=\"tftable table table-hover\"  style=\"height: 221px;\" border=\"1\" width=\"583\">\n<tbody>\n<tr>\n<th width=\"280\">Fahrzeugtyp<\/th>\n<th width=\"150\">Tagespauschale pro Tag\/ 150 KM<\/th>\n<th width=\"150\">Wochenende pauschal\/450 Km<\/th>\n<th width=\"150\">Wochentarif 7Tage\/1000 Km<\/th>\n<th width=\"150\">Monat 28 Tage\/3000 KM<\/th>\n<\/tr>\n<tr>\n<td>\n<p><strong>T4 <\/strong>Transit Courier Basis 74kW<\/p>\n<\/td>\n<td style=\"text-align: center;\">50,00 \u20ac<\/td>\n<td style=\"text-align: center;\">106,25 \u20ac<\/td>\n<td style=\"text-align: center;\">250,00 \u20ac<\/td>\n<td style=\"text-align: center;\">625,00 \u20ac<\/td>\n<\/tr>\n<tr>\n<td><strong>T5 <\/strong><span style=\"font-size: revert; font-family: inherit;\">Transit Connect 210 74kW 3trg<\/span><\/td>\n<td style=\"text-align: center;\">60,00 \u20ac<\/td>\n<td style=\"text-align: center;\">127,50 \u20ac<\/td>\n<td style=\"text-align: center;\">300,00 \u20ac<\/td>\n<td style=\"text-align: center;\">750,00 \u20ac<\/td>\n<\/tr>\n<tr>\n<td><strong>T6 <\/strong><span style=\"font-size: revert; font-family: inherit;\">Transit Courier 1,0 Active\/Trend Limited Aut. &amp; 1.5 Limited\/Active<\/span><\/td>\n<td style=\"text-align: center;\">63,00 \u20ac<\/td>\n<td style=\"text-align: center;\">133,88 \u20ac<\/td>\n<td style=\"text-align: center;\">315,00\u20ac<\/td>\n<td style=\"text-align: center;\">787,50 \u20ac<\/td>\n<\/tr>\n<tr>\n<td><strong><strong>T8 <\/strong><\/strong><span style=\"font-size: revert; font-family: inherit;\">Transit Custom 300 L2H1 LKW VA Trend Kasten 110kW &#8211; Transit 310 L2H2 Lkw VA Basis<\/span><\/td>\n<td style=\"text-align: center;\">78,00\u20ac<\/td>\n<td style=\"text-align: center;\">165,75 \u20ac<\/td>\n<td style=\"text-align: center;\">390,00 \u20ac<\/td>\n<td style=\"text-align: center;\">975,00 \u20ac<\/td>\n<\/tr>\n<tr>\n<td><strong>T9 <\/strong><span style=\"font-size: revert; font-family: inherit;\"><span style=\"font-size: revert; font-family: inherit;\">Transit Custom 340 L2H1 VA PHEV Limited Kombi 171kW. &#8211; Transit Custom PHEV 320\/340 L1H1\/L2H1 &#8211; Transit 310 L2H2 Lkw VA Trend 96kW &#8211; <\/span><\/span><span style=\"font-size: revert; font-family: inherit;\">Tourneo Custom 320 Diesel \/ PHEV 340 Trend &#8211; Ranger 2.0 DK\/ExK Tremor\/Limited Wildtrak X &#8211; Transit 350 L2H2 VA Autm. Trend 96kW<\/span><\/td>\n<td>82,00 \u20ac<\/td>\n<td>174,25 \u20ac<\/td>\n<td>410,00 \u20ac<\/td>\n<td>1025,00 \u20ac<\/td>\n<\/tr>\n<\/tbody>\n<\/table>\n<p>01. Die Berechnung der Miettage erfolgt pro angefangene 24 Stunden. Karenz = 1 Stunde.<br \/>02. Die Selbstbeteiligung bei Abschlu\u00df der Haftungsreduzierung (CDW) betr\u00e4gt 1.000,00 \u20ac.<br \/>03. Die Preise gelten nur in Verbindung mit einem Rahmenabkommen zwischen dem Mieter und dem jeweiligen Lizenzpartner der FHD Mobil Autovermietung.<br \/>04. Im Mietpreis sind alle gefahrenen Kilometer inbegriffen, au\u00dfer Monatstarif (inkl. 3000 km)<br \/>05. Wochenende &#8211; Freitag 12:00 Uhr bis Montag 09:00 Uhr<br \/>06. Fahrzeug muss mindestens 48 Stunden vor Mietbeginn reserviert werden.<br \/>07. Zustellung\/ Abholung bis 10 km frei, dar\u00fcber hinaus nach Vereinbarung<\/p>\n<p>Alle Preise netto zzgl. 19% Mwst<br \/>\u00c4nderungen vorbehalten ! Gu\u0308ltig ab 01.11.2024<\/p>\n<\/div>\n<\/div>\n\n\n<p><\/p>\n","protected":false},"excerpt":{"rendered":"<p>\u00a0 Unsere Autovermietung deckt Ihre individuellen Mobilit\u00e4tsw\u00fcnsche ab \u2013 unabh\u00e4nig von Ihrem Werkstattaufenthalt. Dabei k\u00f6nnen wir auf einen gro\u00dfz\u00fcgigen Fuhrpark zugreifen. &#8211; vom Ford Fiesta bis zum Ford Transit. Wir bieten Ihnen unter anderem: Tages- und Wochenvermietungen Wochenend- und Ausflugsvermietungen Langzeitvermietung an Firmen und Privatkunden Umzugs- und Transport Angebote Bei allen Fahrzeugen handelt es sich<\/p>\n<div><a class=\"btn-filled btn\" href=\"https:\/\/ford-sachsen.de\/html\/page\/fordstore-chemnitz\/autovermietung-chemnitznord\/\" title=\"Autovermietung-ChemnitzNord\">Weiterlesen<\/a><\/div>\n","protected":false},"author":1,"featured_media":0,"parent":29,"menu_order":0,"comment_status":"closed","ping_status":"open","template":"page-templates\/sidebar-left.php","meta":{"order-bump-settings":[],"_wpfnl_thankyou_order_overview":"on","_wpfnl_thankyou_order_details":"on","_wpfnl_thankyou_billing_details":"on","_wpfnl_thankyou_shipping_details":"on","footnotes":""},"tags":[],"class_list":["post-1671","page","type-page","status-publish","hentry"],"_links":{"self":[{"href":"https:\/\/ford-sachsen.de\/html\/page\/wp-json\/wp\/v2\/pages\/1671","targetHints":{"allow":["GET"]}}],"collection":[{"href":"https:\/\/ford-sachsen.de\/html\/page\/wp-json\/wp\/v2\/pages"}],"about":[{"href":"https:\/\/ford-sachsen.de\/html\/page\/wp-json\/wp\/v2\/types\/page"}],"author":[{"embeddable":true,"href":"https:\/\/ford-sachsen.de\/html\/page\/wp-json\/wp\/v2\/users\/1"}],"replies":[{"embeddable":true,"href":"https:\/\/ford-sachsen.de\/html\/page\/wp-json\/wp\/v2\/comments?post=1671"}],"version-history":[{"count":70,"href":"https:\/\/ford-sachsen.de\/html\/page\/wp-json\/wp\/v2\/pages\/1671\/revisions"}],"predecessor-version":[{"id":4545042,"href":"https:\/\/ford-sachsen.de\/html\/page\/wp-json\/wp\/v2\/pages\/1671\/revisions\/4545042"}],"up":[{"embeddable":true,"href":"https:\/\/ford-sachsen.de\/html\/page\/wp-json\/wp\/v2\/pages\/29"}],"wp:attachment":[{"href":"https:\/\/ford-sachsen.de\/html\/page\/wp-json\/wp\/v2\/media?parent=1671"}],"wp:term":[{"taxonomy":"post_tag","embeddable":true,"href":"https:\/\/ford-sachsen.de\/html\/page\/wp-json\/wp\/v2\/tags?post=1671"}],"curies":[{"name":"wp","href":"https:\/\/api.w.org\/{rel}","templated":true}]}}